0*(775 - -21) is divided by 11?
1
Let q be (-9)/12 + 2/(-8). Let a(s) = 41*s**2 - s + 1. Let v be a(q). Suppose -14 = -3*d + v. What is the remainder when 74 is divided by d?
17
Suppose -8*i + 4*i = 4*q - 80, -35 = -2*i + 3*q. Let o be (5/(20/(-216)) + 1)*1. Let t = 58 + o. Calculate the remainder when i is divided by t.
4
Suppose 4*r + 5*k - 29 = 204, -4*r - k = -229. Suppose -5*m + 237 = 4*a, r = m - 3*a - a. Calculate the remainder when m is divided by 13.
10
Let b(k) = -k**2 - 13*k - 11. Let q be b(-11). Suppose -2*p + 83 = x, -4*p - 10*x + q*x = -157. What is the remainder when p is divided by 38?
2
Suppose 20*c - 5*d = 18*c + 287, 5*c - 5*d - 770 = 0. What is the remainder when 10142 is divided by c?
160
Let k(d) = 3*d - 6. Let r be k(-11). Let g = 21 + 116. Calculate the remainder when g is divided by -3 - r/15 - 708/(-20).
32
Calculate the remainder when 4796 is divided by 9 - 17 - (-25)/(25/408).
396
Suppose 4*f - 586 + 9 = -5*x, -467 = -4*x - 5*f. Let n be (-2 - -1)*(2 + -147). Suppose -7*s + 12*s - n = 0. What is the remainder when x is divided by s?
26
What is the remainder when 579 is divided by (-3 - -2)*-111 - (42/(-7) - -1)?
115
Let t(k) = k**3 + 6*k**2 - 7*k + 7. What is the remainder when (972/(-297))/(12/(-198)) is divided by t(-7)?
5
Let l(s) = -s**3 + 10*s**2 - 7*s - 3. Let h = 1118 + -1099. What is the remainder when l(5) is divided by h?
11
Suppose 10*s = 20 + 44 + 36. What is the remainder when 1417 is divided by s?
7
Let q = 2 + 3. Suppose 75 = 3*r - 3*y, q*r + 0*y = y + 113. Suppose 43 = 5*w - r. What is the remainder when 25 is divided by w?
12
Let j be (-17973)/(-45) + 15/25. Let g = j - 366. What is the remainder when 506 is divided by g?
30
Let z be (-1 - (5 - 1)) + 10. Let m(q) = q**3 - 3*q**2 + 3*q - 10. What is the remainder when m(z) is divided by 1*4/(-2)*-14?
27
Suppose 9*w + 50 = 11*w. Let v be (-10 - -11) + -1 + w. Let g = 7 + v. What is the remainder when 60 is divided by g?
28
Suppose -3*l + 2*l = -2. What is the remainder when (2 - (-5)/(-2))/((-181)/11222) is divided by -18*l*(-2)/6?
7
Let j(x) = -36*x - 573. Calculate the remainder when 354 is divided by j(-21).
171
Suppose 0 = 2427*k - 2426*k - 24. Suppose k*z - 748 = -10*z. What is the remainder when 238 is divided by z?
18
Let q = 23 - 0. Suppose a + 4*d = 2*a + 8, -3*a = 3*d - 21. Calculate the remainder when q is divided by a/((-72)/27)*-6.
5
What is the remainder when 12552 is divided by 2232/50*310/(-124)*20/(-8)?
276
Let b(q) = -q**2 - 21*q - 3. What is the remainder when 169 is divided by b(-6)?
82
Suppose -33222 = -9*i - 5*i. Calculate the remainder when i is divided by 108.
105
Let a = -534 - -961. What is the remainder when 1283 is divided by a?
2
Suppose -70 = -5*w + 815. Let d be (28 + -29)/(2/(-20)) - 5. Suppose w = d*m - 63. What is the remainder when m is divided by 25?
23
Let w = 191 - 74. Let a = w + -117. Suppose a = -x + 3 + 28. What is the remainder when x is divided by 3?
1
Suppose -16*d = -d - 3015. Suppose 2*h + 268 = 4*q, 3*q - 2*h = -h + d. What is the remainder when q is divided by 35?
32
What is the remainder when (3 + (-126)/(-8))/(3/32) is divided by 90?
20
Calculate the remainder when (225/(-27))/(((-1)/(-4))/((-16929)/44)) is divided by 53.
52
Let x = -1172 - -638. Let o = -522 - x. Let k(r) = -19*r + 2. Calculate the remainder when k(-2) is divided by o.
4
Suppose -j + 5*m = 608 - 2086, 2*j - 5*m - 2926 = 0. Calculate the remainder when j is divided by 50.
48
Let i = 77 + -52. Suppose -5*f = 4*q - 0*f - 580, -5*q + 5*f = -725. What is the remainder when q is divided by i?
20
Let a = -2766 - -2806. Let k = 3 + -10. What is the remainder when 67 is divided by (-16)/(-4) + k + a?
30
Suppose 3*n + l - 718 = 0, 2*n - 5*l = 398 + 75. Suppose n + 157 = 9*m. Calculate the remainder when 153 is divided by m.
21
Suppose 0 = 11*l - 12 - 10. Suppose 4*g + 5*m = 111, -3*g - l*g = 3*m - 129. What is the remainder when g*(-12)/(-27)*18/6 is divided by 3?
2
Suppose -24 = -4*g, -738*w = -741*w - g + 648. Calculate the remainder when w is divided by 62.
28
Suppose 2*g - 426 = -6*h, -22*h + 19*h + g + 219 = 0. What is the remainder when 166 is divided by h?
22
Let x(p) = p**3 + 28*p**2 + 29*p + 60. Let q be x(-27). Let c(a) = 5*a**2 - 30*a + 16. What is the remainder when 59 is divided by c(q)?
11
Let v(h) = -5*h**3 - 16*h**2 + 29*h - 22. What is the remainder when v(-9) is divided by 32?
18
Let g be 5/(20/(-56))*(-11)/2. Suppose -5*d = -g + 242. Let l = -28 - d. What is the remainder when 9 is divided by l?
4
Let d = -10716 + 15066. What is the remainder when d is divided by 66?
60
Let j(n) = -2 + 5 + 14 - n**2 + 5*n. Let o be j(4). Suppose 4*f - o = 83. What is the remainder when f is divided by 14?
12
Let d(m) = -m - 1. Let z(n) = 3*n**2 + 20*n - 5. Let o(i) = -4*d(i) + z(i). Calculate the remainder when 283 is divided by o(-9).
23
Let z(g) = g**3 - 9*g**2 - 4*g + 7. Let d(j) = -j**3 + 7*j**2 + 3*j - 7. Let k(a) = -3*d(a) - 2*z(a). What is the remainder when 11 is divided by k(3)?
3
Let g = -4049 - -4072. What is the remainder when 1309 is divided by g?
21
Let c(t) = -16*t. Let j(m) = 6*m**2 + 552*m + 3581. What is the remainder when c(-1) is divided by j(-7)?
5
Suppose -2*p + 9 = -9. Let s(j) = j**2 - 13*j + 44. Let l be s(8). Calculate the remainder when p is divided by 1*(l/5)/(22/55).
1
Suppose -29*f + 107 = -26*f - 5*x, 86 = 2*f + 4*x. Let i(u) be the third derivative of -5*u**4/24 - 20*u**2. What is the remainder when f is divided by i(-2)?
9
Suppose 135796 = -2574*y + 2699*y + 50296. Calculate the remainder when y is divided by 10.
4
Let h = 21543 + -19131. Calculate the remainder when h is divided by 37.
7
Suppose -c + 6 = -1. Suppose c*i - 5*i = -7*i. Suppose t + 5 = b, -5*b + 3*b + t + 9 = i. What is the remainder when 11 is divided by b?
3
Let s(n) = -31*n - 1917. Calculate the remainder when s(-69) is divided by 17.
1
Let c(a) = -a**3 - 3*a**2 + 21*a + 82. Suppose -19*y = -77*y - 290. What is the remainder when 69 is divided by c(y)?
15
Let d(q) be the second derivative of 29*q**4/12 + 2*q**3/3 - 3*q**2/2 - 51*q. What is the remainder when d(-3) is divided by 50?
46
Calculate the remainder when 4319/42 - 1/(-2 - 4) is divided by 33.
4
Let i(d) = -54*d - 2564. Calculate the remainder when 12038 is divided by i(-48).
26
Suppose -w = 3, 3*x + 2*w - 299 = 8*x. Let m = x + 75. Calculate the remainder when 559 is divided by m.
13
Suppose -367*k + 91 = -364*k - 5*o, 129 = 5*k + 3*o. Calculate the remainder when 3478 is divided by k.
22
Let b(h) = -h**3 + 19*h**2 - 46*h - 38. Let w be b(16). Suppose -2*g = -5*g + 132. What is the remainder when g is divided by 4*w/(-24)*17?
10
Let w(l) = 553*l - 611. Calculate the remainder when w(4) is divided by 89.
88
Let t = -9 + 12. Let c(u) = -u**2 + 4*u**2 - 5 - 22*u + 29*u + 0*u**2. Calculate the remainder when c(t) is divided by 23.
20
Suppose 7*a = 3*a + 36. Let l = 16 - 11. Suppose p - 2*q = 41, -3*p - 2*p + 190 = -l*q. Calculate the remainder when p is divided by a.
8
Suppose 2*d = 5*a + 811, 110 - 116 = 2*a. Calculate the remainder when d is divided by 375.
23
Suppose 24*v = -1091 - 7837. Let c = v + 825. Calculate the remainder when c is divided by 65.
63
Let b be 9*(-5 + (-48)/(-6))/3. Suppose -b*r = -4*r - 670. Calculate the remainder when r is divided by 15.
14
Let m(q) = -q**3 + 92*q**2 - 215*q - 821. What is the remainder when m(89) is divided by 8?
7
Suppose 4*b - 2*o - 2 = 0, 0 = -2*b - 0*b - 2*o - 14. Let p be 3 + 0 + -181 + b. What is the remainder when ((p/(-25))/6)/((-1)/(-35)) is divided by 5?
2
Suppose -337 - 27 = -26*o. Calculate the remainder when 1141 is divided by o.
7
Let y = -6453 + 8645. Calculate the remainder when y is divided by 48.
32
Suppose -50 + 185 = c - 0. Calculate the remainder when c is divided by 34.
33
Suppose 246 = p + 2*p. Let r = p - 11. Calculate the remainder when r is divided by ((-27)/(-21))/(56/784).
17
Let n = -114 - -152. Calculate the remainder when n*(6/(-4))/(-3)*2 is divided by 18.
2
Suppose -990 = 4*u - 13*u. Let j = u - 128. Let p = j - -123. What is the remainder when p is divided by 6?
3
Suppose 3*w = -5*c + 89, -c + w + 29 = c. Suppose y - c = -0*y. What is the remainder when 53 - ((-71)/(-9) + ((-1079)/3735 - (-6)/15)) is di